1922 and 31378?
1082
Calculate the highest common factor of 20886 and 23876238.
354
Calculate the greatest common factor of 661510 and 830.
830
Calculate the greatest common factor of 296460 and 110349.
1647
Calculate the highest common factor of 16244 and 154876.
124
Calculate the greatest common factor of 172 and 343981166.
86
What is the highest common factor of 3444 and 9463538?
574
What is the greatest common divisor of 360020 and 50678560?
7660
What is the highest common divisor of 15895822 and 43305?
2887
What is the greatest common divisor of 26950 and 766150?
3850
Calculate the highest common factor of 432 and 269096.
8
Calculate the highest common divisor of 1556002 and 3346.
14
Calculate the highest common factor of 19483158 and 38134.
1658
Calculate the greatest common factor of 11389 and 373086.
7
What is the greatest common factor of 16440075 and 9428?
2357
What is the greatest common divisor of 1352266 and 86686?
178
What is the highest common divisor of 6688 and 533863?
11
What is the greatest common factor of 3953746 and 4343?
101
What is the highest common factor of 188882 and 49?
1
Calculate the highest common factor of 82 and 116677472.
82
What is the highest common factor of 6293 and 32368?
7
What is the greatest common factor of 1812 and 1644?
12
Calculate the greatest common factor of 4500 and 686956500.
4500
What is the greatest common factor of 18788 and 7242103?
671
What is the highest common divisor of 22749013 and 14?
7
What is the highest common factor of 161991 and 5057280?
3951
Calculate the highest common divisor of 5208460 and 187.
17
Calculate the greatest common divisor of 1478580 and 513.
57
Calculate the highest common factor of 137 and 1200783080.
137
What is the highest common divisor of 245104288 and 4?
4
Calculate the highest common divisor of 5414218 and 4.
2
Calculate the greatest common divisor of 87 and 186976920.
87
Calculate the highest common factor of 89449248 and 5376.
672
Calculate the greatest common divisor of 1264 and 882230288.
1264
Calculate the greatest common factor of 4588 and 4552660.
124
Calculate the greatest common divisor of 6912807 and 4653.
1551
Calculate the highest common divisor of 66081075 and 19425.
2775
What is the greatest common factor of 334890077 and 13334?
6667
Calculate the greatest common factor of 168783 and 84963.
381
What is the greatest common divisor of 440350 and 31975?
25
Calculate the greatest common divisor of 7580182 and 79825.
3193
Calculate the greatest common divisor of 68403461 and 1008866.
11731
Calculate the greatest common factor of 2078310010 and 17.
17
What is the highest common factor of 9261 and 2205630?
189
What is the greatest common factor of 26957 and 2491597?
3851
What is the highest common divisor of 591562 and 471706?
454
Calculate the greatest common divisor of 24539279 and 1394.
697
Calculate the greatest common factor of 2188428 and 42.
6
What is the highest common divisor of 872 and 57632?
8
Calculate the highest common factor of 145211639 and 909.
101
What is the highest common divisor of 90729 and 15912?
153
What is the highest common factor of 9310086 and 6360?
318
What is the highest common factor of 44 and 276094104?
44
Calculate the greatest common factor of 663 and 1409343.
39
Calculate the highest common factor of 17 and 131036306.
17
Calculate the highest common factor of 238224 and 15358.
14
What is the greatest common divisor of 1119075 and 7287?
1041
Calculate the greatest common divisor of 80693635 and 220.
55
What is the greatest common factor of 8288 and 28784?
112
What is the highest common factor of 88401344 and 256?
64
What is the highest common divisor of 104797500 and 2625?
375
Calculate the greatest common factor of 1268172 and 204.
12
What is the greatest common divisor of 6126140 and 4396?
628
Calculate the highest common factor of 26 and 719289610.
26
What is the greatest common factor of 915 and 2592805?
305
What is the greatest common factor of 11553135 and 6?
3
Calculate the highest common divisor of 9213694 and 714.
238
What is the highest common divisor of 32667606 and 1422?
1422
What is the greatest common divisor of 13108 and 286723?
29
What is the greatest common factor of 839708 and 3064?
4
Calculate the highest common divisor of 109757 and 4309970.
2677
What is the highest common factor of 112 and 1384306?
14
What is the greatest common divisor of 6008 and 35481746?
1502
Calculate the greatest common factor of 9027390 and 459330.
1830
What is the highest common factor of 134503682 and 319?
29
Calculate the highest common divisor of 72 and 1506120.
24
Calculate the greatest common divisor of 2006050 and 103085.
265
Calculate the greatest common factor of 5976 and 13446.
1494
Calculate the greatest common factor of 326060 and 740180.
2380
What is the greatest common divisor of 1125 and 338565?
15
What is the highest common divisor of 7037805 and 472317?
939
What is the highest common factor of 575402 and 134?
2
What is the highest common divisor of 22462 and 932404?
22
Calculate the greatest common factor of 414 and 10611846.
18
Calculate the highest common divisor of 69688 and 62837.
31
Calculate the greatest common divisor of 797802 and 894.
6
What is the highest common divisor of 2609628 and 78?
6
What is the greatest common divisor of 41463 and 183753?
153
What is the highest common factor of 6381002 and 16591?
47
What is the greatest common divisor of 108916 and 1178512?
292
What is the highest common factor of 2364 and 1116?
12
Calculate the greatest common divisor of 692 and 61.
1
Calculate the greatest common divisor of 1440 and 1655870.
10
What is the greatest common divisor of 79142910 and 5005?
385
What is the greatest common factor of 9878 and 1775346?
898
What is the greatest common factor of 345 and 16553445?
345
Calculate the highest common divisor of 15857322 and 78.
78
What is the highest common divisor of 5865 and 44776929?
1173
Calculate the highest common divisor of 4747981 and 307457.
2347
What is the highest common divisor of 10994805 and 270?
135
Calculate the highest common divisor of 1331 and 32166277.
1331
What is the greatest common divisor of 2542 and 491970?
62
What is the greatest common divisor of 4021587 and 60579?
477
What is the highest common divisor of 2011020880 and 110?
110
What is the greatest common divisor of 25002 and 6102?
54
Calculate the highest common divisor of 1041207 and 501.
3
Calculate the highest common divisor of 22114433 and 34.
17
What is the highest common factor of 16641 and 29502?
9
Calculate the greatest common divisor of 8018571 and 45741.
579
Calculate the greatest common factor of 180 and 12009840.
60
What is the greatest common factor of 18063012 and 5280?
132
Calculate the greatest common factor of 1671003 and 2.
1
What is the highest common factor of 683958709 and 49?
49
Calculate the highest common divisor of 22545 and 97605.
135
Calculate the greatest common divisor of 1311 and 485967.
69
What is the greatest common divisor of 7756674 and 2622?
114
What is the highest common factor of 3369130 and 163255?
515
Calculate the highest common divisor of 1154 and 49706819.
577
Calculate the greatest common factor of 160 and 17278320.
80
Calculate the highest common factor of 8101504 and 9352.
1336
What is the highest common divisor of 225324109 and 71?
71
What is the highest common factor of 8496 and 223374?
354
What is the greatest common divisor of 55224422 and 556?
278
What is the highest common factor of 359718660 and 4970?
4970
Calculate the highest common divisor of 196 and 9317196.
28
What is the greatest common factor of 6314646 and 632130?
6654
What is the greatest common factor of 6696037 and 38?
19
Calculate the highest common factor of 7740 and 687612.
12
Calculate the highest common factor of 12556 and 42859906.
6278
What is the greatest common divisor of 287 and 7926612?
41
What is the highest common factor of 3250800 and 253485?
1935
What is the greatest common factor of 322 and 348278?
14
Calculate the greatest common divisor of 12236 and 1703597.
133
What is the greatest common divisor of 19 and 98867792?
19
What is the greatest common factor of 138908 and 31078?
82
What is the greatest common divisor of 2479933 and 8590?
